{"id":8,"date":"2021-04-19T13:35:20","date_gmt":"2021-04-19T11:35:20","guid":{"rendered":"https:\/\/kalendarze-z-zegarem.pl\/?page_id=8"},"modified":"2021-07-29T11:50:45","modified_gmt":"2021-07-29T09:50:45","slug":"kalendarze-z-zegarem","status":"publish","type":"page","link":"https:\/\/kalendarze-z-zegarem.pl\/","title":{"rendered":"Co to s\u0105 kalendarze z zegarem?"},"content":{"rendered":"\n<h2 class=\"has-black-color has-text-color has-normal-font-size wp-block-heading\"><strong>Kalendarze z zegarem<\/strong>, to grupa kalendarzy \u015bciennych sk\u0142adaj\u0105cych si\u0119 z kolorowej g\u0142\u00f3wki zawieraj\u0105cej zegar oraz kalendarium jednodzielnego lub tr\u00f3jdzielnego.<\/h2>\n\n\n\n<h2 class=\"has-black-color has-text-color has-normal-font-size wp-block-heading\">Produkt, opr\u00f3cz wymienionych walor\u00f3w u\u017cytkowych, oferuje du\u017c\u0105 powierzchni\u0119 reklamow\u0105. W zwi\u0105zku z tym kalendarze z zegarem <strong>zaliczaj\u0105 si\u0119 do produkt\u00f3w reklamowych o du\u017cej skuteczno\u015bci marketingowej<\/strong>. <\/h2>\n","protected":false},"excerpt":{"rendered":"<p>Kalendarze z zegarem, to grupa kalendarzy \u015bciennych sk\u0142adaj\u0105cych si\u0119 z kolorowej g\u0142\u00f3wki zawieraj\u0105cej zegar oraz kalendarium jednodzielnego lub tr\u00f3jdzielnego. Produkt, opr\u00f3cz wymienionych walor\u00f3w u\u017cytkowych, oferuje du\u017c\u0105 powierzchni\u0119 reklamow\u0105. W zwi\u0105zku z tym kalendarze z zegarem zaliczaj\u0105 si\u0119 do produkt\u00f3w reklamowych o du\u017cej skuteczno\u015bci marketingowej.<\/p>\n","protected":false},"author":1,"featured_media":0,"parent":0,"menu_order":1,"comment_status":"closed","ping_status":"closed","template":"","meta":{"footnotes":""},"class_list":["post-8","page","type-page","status-publish","hentry"],"yoast_head":"<!-- This site is optimized with the Yoast SEO plugin v27.3 - https:\/\/yoast.com\/product\/yoast-seo-wordpress\/ -->\n<title>Kalendarze z zegarem - Kalendarze z zegarem To jedna z najlepszych form reklamy Twojego biznesu - zobacz dlaczego %<\/title>\n<meta name=\"robots\" content=\"index, follow, max-snippet:-1, max-image-preview:large, max-video-preview:-1\" \/>\n<link rel=\"canonical\" href=\"https:\/\/kalendarze-z-zegarem.pl\/\" \/>\n<meta property=\"og:locale\" content=\"pl_PL\" \/>\n<meta property=\"og:type\" content=\"article\" \/>\n<meta property=\"og:title\" content=\"Kalendarze z zegarem - Kalendarze z zegarem To jedna z najlepszych form reklamy Twojego biznesu - zobacz dlaczego %\" \/>\n<meta property=\"og:description\" content=\"Kalendarze z zegarem, to grupa kalendarzy \u015bciennych sk\u0142adaj\u0105cych si\u0119 z kolorowej g\u0142\u00f3wki zawieraj\u0105cej zegar oraz kalendarium jednodzielnego lub tr\u00f3jdzielnego. Produkt, opr\u00f3cz wymienionych walor\u00f3w u\u017cytkowych, oferuje du\u017c\u0105 powierzchni\u0119 reklamow\u0105. W zwi\u0105zku z tym kalendarze z zegarem zaliczaj\u0105 si\u0119 do produkt\u00f3w reklamowych o du\u017cej skuteczno\u015bci marketingowej.\" \/>\n<meta property=\"og:url\" content=\"https:\/\/kalendarze-z-zegarem.pl\/\" \/>\n<meta property=\"og:site_name\" content=\"Kalendarze z zegarem\" \/>\n<meta property=\"article:modified_time\" content=\"2021-07-29T09:50:45+00:00\" \/>\n<meta name=\"twitter:card\" content=\"summary_large_image\" \/>\n<meta name=\"twitter:label1\" content=\"Szacowany czas czytania\" \/>\n\t<meta name=\"twitter:data1\" content=\"1 minuta\" \/>\n<script type=\"application\/ld+json\" class=\"yoast-schema-graph\">{\"@context\":\"https:\\\/\\\/schema.org\",\"@graph\":[{\"@type\":\"WebPage\",\"@id\":\"https:\\\/\\\/kalendarze-z-zegarem.pl\\\/\",\"url\":\"https:\\\/\\\/kalendarze-z-zegarem.pl\\\/\",\"name\":\"Kalendarze z zegarem - Kalendarze z zegarem To jedna z najlepszych form reklamy Twojego biznesu - zobacz dlaczego %\",\"isPartOf\":{\"@id\":\"https:\\\/\\\/kalendarze-z-zegarem.pl\\\/#website\"},\"datePublished\":\"2021-04-19T11:35:20+00:00\",\"dateModified\":\"2021-07-29T09:50:45+00:00\",\"breadcrumb\":{\"@id\":\"https:\\\/\\\/kalendarze-z-zegarem.pl\\\/#breadcrumb\"},\"inLanguage\":\"pl-PL\",\"potentialAction\":[{\"@type\":\"ReadAction\",\"target\":[\"https:\\\/\\\/kalendarze-z-zegarem.pl\\\/\"]}]},{\"@type\":\"BreadcrumbList\",\"@id\":\"https:\\\/\\\/kalendarze-z-zegarem.pl\\\/#breadcrumb\",\"itemListElement\":[{\"@type\":\"ListItem\",\"position\":1,\"name\":\"Strona g\u0142\u00f3wna\",\"item\":\"https:\\\/\\\/kalendarze-z-zegarem.pl\\\/\"},{\"@type\":\"ListItem\",\"position\":2,\"name\":\"Co to s\u0105 kalendarze z zegarem?\"}]},{\"@type\":\"WebSite\",\"@id\":\"https:\\\/\\\/kalendarze-z-zegarem.pl\\\/#website\",\"url\":\"https:\\\/\\\/kalendarze-z-zegarem.pl\\\/\",\"name\":\"Kalendarze z zegarem\",\"description\":\"To jedna z najlepszych form reklamy Twojego biznesu - zobacz dlaczego\",\"publisher\":{\"@id\":\"https:\\\/\\\/kalendarze-z-zegarem.pl\\\/#organization\"},\"potentialAction\":[{\"@type\":\"SearchAction\",\"target\":{\"@type\":\"EntryPoint\",\"urlTemplate\":\"https:\\\/\\\/kalendarze-z-zegarem.pl\\\/?s={search_term_string}\"},\"query-input\":{\"@type\":\"PropertyValueSpecification\",\"valueRequired\":true,\"valueName\":\"search_term_string\"}}],\"inLanguage\":\"pl-PL\"},{\"@type\":\"Organization\",\"@id\":\"https:\\\/\\\/kalendarze-z-zegarem.pl\\\/#organization\",\"name\":\"Kalendarze z zegarem\",\"url\":\"https:\\\/\\\/kalendarze-z-zegarem.pl\\\/\",\"logo\":{\"@type\":\"ImageObject\",\"inLanguage\":\"pl-PL\",\"@id\":\"https:\\\/\\\/kalendarze-z-zegarem.pl\\\/#\\\/schema\\\/logo\\\/image\\\/\",\"url\":\"https:\\\/\\\/kalendarze-z-zegarem.pl\\\/wp-content\\\/uploads\\\/2021\\\/04\\\/cropped-cropped-NotaPressKwadrat.png\",\"contentUrl\":\"https:\\\/\\\/kalendarze-z-zegarem.pl\\\/wp-content\\\/uploads\\\/2021\\\/04\\\/cropped-cropped-NotaPressKwadrat.png\",\"width\":250,\"height\":250,\"caption\":\"Kalendarze z zegarem\"},\"image\":{\"@id\":\"https:\\\/\\\/kalendarze-z-zegarem.pl\\\/#\\\/schema\\\/logo\\\/image\\\/\"}}]}<\/script>\n<!-- \/ Yoast SEO plugin. -->","yoast_head_json":{"title":"Kalendarze z zegarem - Kalendarze z zegarem To jedna z najlepszych form reklamy Twojego biznesu - zobacz dlaczego %","robots":{"index":"index","follow":"follow","max-snippet":"max-snippet:-1","max-image-preview":"max-image-preview:large","max-video-preview":"max-video-preview:-1"},"canonical":"https:\/\/kalendarze-z-zegarem.pl\/","og_locale":"pl_PL","og_type":"article","og_title":"Kalendarze z zegarem - Kalendarze z zegarem To jedna z najlepszych form reklamy Twojego biznesu - zobacz dlaczego %","og_description":"Kalendarze z zegarem, to grupa kalendarzy \u015bciennych sk\u0142adaj\u0105cych si\u0119 z kolorowej g\u0142\u00f3wki zawieraj\u0105cej zegar oraz kalendarium jednodzielnego lub tr\u00f3jdzielnego. Produkt, opr\u00f3cz wymienionych walor\u00f3w u\u017cytkowych, oferuje du\u017c\u0105 powierzchni\u0119 reklamow\u0105. W zwi\u0105zku z tym kalendarze z zegarem zaliczaj\u0105 si\u0119 do produkt\u00f3w reklamowych o du\u017cej skuteczno\u015bci marketingowej.","og_url":"https:\/\/kalendarze-z-zegarem.pl\/","og_site_name":"Kalendarze z zegarem","article_modified_time":"2021-07-29T09:50:45+00:00","twitter_card":"summary_large_image","twitter_misc":{"Szacowany czas czytania":"1 minuta"},"schema":{"@context":"https:\/\/schema.org","@graph":[{"@type":"WebPage","@id":"https:\/\/kalendarze-z-zegarem.pl\/","url":"https:\/\/kalendarze-z-zegarem.pl\/","name":"Kalendarze z zegarem - Kalendarze z zegarem To jedna z najlepszych form reklamy Twojego biznesu - zobacz dlaczego %","isPartOf":{"@id":"https:\/\/kalendarze-z-zegarem.pl\/#website"},"datePublished":"2021-04-19T11:35:20+00:00","dateModified":"2021-07-29T09:50:45+00:00","breadcrumb":{"@id":"https:\/\/kalendarze-z-zegarem.pl\/#breadcrumb"},"inLanguage":"pl-PL","potentialAction":[{"@type":"ReadAction","target":["https:\/\/kalendarze-z-zegarem.pl\/"]}]},{"@type":"BreadcrumbList","@id":"https:\/\/kalendarze-z-zegarem.pl\/#breadcrumb","itemListElement":[{"@type":"ListItem","position":1,"name":"Strona g\u0142\u00f3wna","item":"https:\/\/kalendarze-z-zegarem.pl\/"},{"@type":"ListItem","position":2,"name":"Co to s\u0105 kalendarze z zegarem?"}]},{"@type":"WebSite","@id":"https:\/\/kalendarze-z-zegarem.pl\/#website","url":"https:\/\/kalendarze-z-zegarem.pl\/","name":"Kalendarze z zegarem","description":"To jedna z najlepszych form reklamy Twojego biznesu - zobacz dlaczego","publisher":{"@id":"https:\/\/kalendarze-z-zegarem.pl\/#organization"},"potentialAction":[{"@type":"SearchAction","target":{"@type":"EntryPoint","urlTemplate":"https:\/\/kalendarze-z-zegarem.pl\/?s={search_term_string}"},"query-input":{"@type":"PropertyValueSpecification","valueRequired":true,"valueName":"search_term_string"}}],"inLanguage":"pl-PL"},{"@type":"Organization","@id":"https:\/\/kalendarze-z-zegarem.pl\/#organization","name":"Kalendarze z zegarem","url":"https:\/\/kalendarze-z-zegarem.pl\/","logo":{"@type":"ImageObject","inLanguage":"pl-PL","@id":"https:\/\/kalendarze-z-zegarem.pl\/#\/schema\/logo\/image\/","url":"https:\/\/kalendarze-z-zegarem.pl\/wp-content\/uploads\/2021\/04\/cropped-cropped-NotaPressKwadrat.png","contentUrl":"https:\/\/kalendarze-z-zegarem.pl\/wp-content\/uploads\/2021\/04\/cropped-cropped-NotaPressKwadrat.png","width":250,"height":250,"caption":"Kalendarze z zegarem"},"image":{"@id":"https:\/\/kalendarze-z-zegarem.pl\/#\/schema\/logo\/image\/"}}]}},"jetpack_sharing_enabled":true,"_links":{"self":[{"href":"https:\/\/kalendarze-z-zegarem.pl\/index.php\/wp-json\/wp\/v2\/pages\/8","targetHints":{"allow":["GET"]}}],"collection":[{"href":"https:\/\/kalendarze-z-zegarem.pl\/index.php\/wp-json\/wp\/v2\/pages"}],"about":[{"href":"https:\/\/kalendarze-z-zegarem.pl\/index.php\/wp-json\/wp\/v2\/types\/page"}],"author":[{"embeddable":true,"href":"https:\/\/kalendarze-z-zegarem.pl\/index.php\/wp-json\/wp\/v2\/users\/1"}],"replies":[{"embeddable":true,"href":"https:\/\/kalendarze-z-zegarem.pl\/index.php\/wp-json\/wp\/v2\/comments?post=8"}],"version-history":[{"count":20,"href":"https:\/\/kalendarze-z-zegarem.pl\/index.php\/wp-json\/wp\/v2\/pages\/8\/revisions"}],"predecessor-version":[{"id":143,"href":"https:\/\/kalendarze-z-zegarem.pl\/index.php\/wp-json\/wp\/v2\/pages\/8\/revisions\/143"}],"wp:attachment":[{"href":"https:\/\/kalendarze-z-zegarem.pl\/index.php\/wp-json\/wp\/v2\/media?parent=8"}],"curies":[{"name":"wp","href":"https:\/\/api.w.org\/{rel}","templated":true}]}}