{"id":10,"date":"2021-04-19T13:35:20","date_gmt":"2021-04-19T13:35:20","guid":{"rendered":"https:\/\/kalendarze-z-zegarem.pl\/?page_id=10"},"modified":"2021-08-05T13:57:22","modified_gmt":"2021-08-05T11:57:22","slug":"kontakt","status":"publish","type":"page","link":"https:\/\/kalendarze-z-zegarem.pl\/index.php\/kontakt\/","title":{"rendered":"Kontakt"},"content":{"rendered":"\n<div class=\"wp-block-columns is-layout-flex wp-container-core-columns-is-layout-9d6595d7 wp-block-columns-is-layout-flex\">\n<div class=\"wp-block-column is-layout-flow wp-block-column-is-layout-flow\">\n<h2 class=\"has-black-color has-text-color has-medium-font-size wp-block-heading\"><strong>Dane firmy<\/strong><\/h2>\n\n\n\n<p class=\"has-small-font-size\">NotaPress Jacek Zupok<br>41-506 Chorz\u00f3w, ul. \u017belazna 20<br>NIP: 627-173-04-17<\/p>\n\n\n\n<p class=\"has-normal-font-size\" style=\"line-height:1.5\"><strong>Nr konta:<\/strong><\/p>\n\n\n\n<p class=\"has-small-font-size\" style=\"line-height:1.5\">mBank:<br>85 1140 2004 0000 3202 5786 5960<\/p>\n\n\n\n<p style=\"line-height:3\"><a href=\"#\"><strong>Zobacz studium przypadku \u2192<\/strong><\/a><\/p>\n<\/div>\n\n\n\n<div class=\"wp-block-column is-layout-flow wp-block-column-is-layout-flow\">\n<p style=\"line-height:3.0\"><a href=\"#\"><strong>Zobacz studium przypadku \u2192<\/strong><\/a><\/p>\n<\/div>\n<\/div>\n\n\n\n<p><strong>Biuro Obs\u0142ugi Klienta<\/strong><\/p>\n\n\n\n<figure class=\"wp-block-table kontakt\"><table><tbody><tr><td><strong>Katowice:&nbsp;<\/strong><\/td><td>32 307 11 30<\/td><td>7:00 &#8211; 16:00<\/td><\/tr><tr><td><strong>Bydgoszcz:&nbsp;<\/strong><\/td><td>52 307 60 15<\/td><td>8:00 &#8211; 16:00<\/td><\/tr><tr><td><strong>Gda\u0144sk:&nbsp;<\/strong><\/td><td>58 380 07 90<\/td><td>7:00 &#8211; 16:00<\/td><\/tr><tr><td><strong>Kielce:&nbsp;<\/strong><\/td><td>41 202 02 35<\/td><td>7:00 &#8211; 16:00<\/td><\/tr><tr><td><strong>Krak\u00f3w:&nbsp;<\/strong><\/td><td>12 307 11 77<\/td><td>7:00 &#8211; 16:00<\/td><\/tr><tr><td><strong>Lublin:&nbsp;<\/strong><\/td><td>81 307 02 72<\/td><td>7:00 &#8211; 16:00<\/td><\/tr><tr><td><strong>\u0141\u00f3d\u017a:&nbsp;<\/strong><\/td><td>42 307 05 70<\/td><td>8:00 &#8211; 16:00<\/td><\/tr><tr><td><strong>Opole:&nbsp;<\/strong><\/td><td>77 307 01 44<\/td><td>8:00 &#8211; 16:00<\/td><\/tr><tr><td><strong>Olsztyn:&nbsp;<\/strong><\/td><td>89 307 02 92<\/td><td>7:00 &#8211; 16:00<\/td><\/tr><tr><td><strong>Pozna\u0144:&nbsp;<\/strong><\/td><td>61 307 20 10<\/td><td>8:00 &#8211; 16:00<\/td><\/tr><tr><td><strong>Rzesz\u00f3w:&nbsp;<\/strong><\/td><td>17 200 03 24<\/td><td>7:00 &#8211; 16:00<\/td><\/tr><tr><td><strong>Szczecin:&nbsp;<\/strong><\/td><td>91 300 04 34<\/td><td>8:00 &#8211; 16:00<\/td><\/tr><tr><td><strong>Warszawa:&nbsp;&nbsp;<\/strong><\/td><td>22 308 01 02<\/td><td>8:00 &#8211; 16:00<\/td><\/tr><tr><td><strong>Wroc\u0142aw:&nbsp;<\/strong><\/td><td>71 307 11 50<\/td><td>8:00 &#8211; 16:00<\/td><\/tr><tr><td><strong>Zielona G\u00f3ra:&nbsp;<\/strong><\/td><td>68 307 04 20<\/td><td>8:00 &#8211; 16:00<\/td><\/tr><\/tbody><\/table><\/figure>\n","protected":false},"excerpt":{"rendered":"<p>Dane firmy NotaPress Jacek Zupok41-506 Chorz\u00f3w, ul. \u017belazna 20NIP: 627-173-04-17 Nr konta: mBank:85 1140 2004 0000 3202 5786 5960 Zobacz studium przypadku \u2192 Zobacz studium przypadku \u2192 Biuro Obs\u0142ugi Klienta Katowice:&nbsp; 32 307 11 30 7:00 &#8211; 16:00 Bydgoszcz:&nbsp; 52 307 60 15 8:00 &#8211; 16:00 Gda\u0144sk:&nbsp; 58 380 07 90 7:00 &#8211; 16:00 Kielce:&nbsp; &hellip; <\/p>\n<p class=\"link-more\"><a href=\"https:\/\/kalendarze-z-zegarem.pl\/index.php\/kontakt\/\" class=\"more-link\">Czytaj dalej<span class=\"screen-reader-text\"> \u201eKontakt\u201d<\/span><\/a><\/p>\n","protected":false},"author":1,"featured_media":0,"parent":0,"menu_order":0,"comment_status":"closed","ping_status":"closed","template":"","meta":{"footnotes":""},"class_list":["post-10","page","type-page","status-publish","hentry"],"yoast_head":"<!-- This site is optimized with the Yoast SEO plugin v27.3 - https:\/\/yoast.com\/product\/yoast-seo-wordpress\/ -->\n<title>Kontakt - Kalendarze z zegarem<\/title>\n<meta name=\"description\" content=\"Adres: NotaPress Jacek Zupok Drukarnia ul. \u017belazna 20, 41-506 Chorz\u00f3w\" \/>\n<meta name=\"robots\" content=\"index, follow, max-snippet:-1, max-image-preview:large, max-video-preview:-1\" \/>\n<link rel=\"canonical\" href=\"https:\/\/kalendarze-z-zegarem.pl\/index.php\/kontakt\/\" \/>\n<meta property=\"og:locale\" content=\"pl_PL\" \/>\n<meta property=\"og:type\" content=\"article\" \/>\n<meta property=\"og:title\" content=\"Kontakt - Kalendarze z zegarem\" \/>\n<meta property=\"og:description\" content=\"Adres: NotaPress Jacek Zupok Drukarnia ul. \u017belazna 20, 41-506 Chorz\u00f3w\" \/>\n<meta property=\"og:url\" content=\"https:\/\/kalendarze-z-zegarem.pl\/index.php\/kontakt\/\" \/>\n<meta property=\"og:site_name\" content=\"Kalendarze z zegarem\" \/>\n<meta property=\"article:modified_time\" content=\"2021-08-05T11:57:22+00:00\" \/>\n<meta name=\"twitter:card\" content=\"summary_large_image\" \/>\n<meta name=\"twitter:label1\" content=\"Szacowany czas czytania\" \/>\n\t<meta name=\"twitter:data1\" content=\"1 minuta\" \/>\n<script type=\"application\/ld+json\" class=\"yoast-schema-graph\">{\"@context\":\"https:\\\/\\\/schema.org\",\"@graph\":[{\"@type\":\"WebPage\",\"@id\":\"https:\\\/\\\/kalendarze-z-zegarem.pl\\\/index.php\\\/kontakt\\\/\",\"url\":\"https:\\\/\\\/kalendarze-z-zegarem.pl\\\/index.php\\\/kontakt\\\/\",\"name\":\"Kontakt - Kalendarze z zegarem\",\"isPartOf\":{\"@id\":\"https:\\\/\\\/kalendarze-z-zegarem.pl\\\/#website\"},\"datePublished\":\"2021-04-19T13:35:20+00:00\",\"dateModified\":\"2021-08-05T11:57:22+00:00\",\"description\":\"Adres: NotaPress Jacek Zupok Drukarnia ul. \u017belazna 20, 41-506 Chorz\u00f3w\",\"breadcrumb\":{\"@id\":\"https:\\\/\\\/kalendarze-z-zegarem.pl\\\/index.php\\\/kontakt\\\/#breadcrumb\"},\"inLanguage\":\"pl-PL\",\"potentialAction\":[{\"@type\":\"ReadAction\",\"target\":[\"https:\\\/\\\/kalendarze-z-zegarem.pl\\\/index.php\\\/kontakt\\\/\"]}]},{\"@type\":\"BreadcrumbList\",\"@id\":\"https:\\\/\\\/kalendarze-z-zegarem.pl\\\/index.php\\\/kontakt\\\/#breadcrumb\",\"itemListElement\":[{\"@type\":\"ListItem\",\"position\":1,\"name\":\"Strona g\u0142\u00f3wna\",\"item\":\"https:\\\/\\\/kalendarze-z-zegarem.pl\\\/\"},{\"@type\":\"ListItem\",\"position\":2,\"name\":\"Kontakt\"}]},{\"@type\":\"WebSite\",\"@id\":\"https:\\\/\\\/kalendarze-z-zegarem.pl\\\/#website\",\"url\":\"https:\\\/\\\/kalendarze-z-zegarem.pl\\\/\",\"name\":\"Kalendarze z zegarem\",\"description\":\"To jedna z najlepszych form reklamy Twojego biznesu - zobacz dlaczego\",\"publisher\":{\"@id\":\"https:\\\/\\\/kalendarze-z-zegarem.pl\\\/#organization\"},\"potentialAction\":[{\"@type\":\"SearchAction\",\"target\":{\"@type\":\"EntryPoint\",\"urlTemplate\":\"https:\\\/\\\/kalendarze-z-zegarem.pl\\\/?s={search_term_string}\"},\"query-input\":{\"@type\":\"PropertyValueSpecification\",\"valueRequired\":true,\"valueName\":\"search_term_string\"}}],\"inLanguage\":\"pl-PL\"},{\"@type\":\"Organization\",\"@id\":\"https:\\\/\\\/kalendarze-z-zegarem.pl\\\/#organization\",\"name\":\"Kalendarze z zegarem\",\"url\":\"https:\\\/\\\/kalendarze-z-zegarem.pl\\\/\",\"logo\":{\"@type\":\"ImageObject\",\"inLanguage\":\"pl-PL\",\"@id\":\"https:\\\/\\\/kalendarze-z-zegarem.pl\\\/#\\\/schema\\\/logo\\\/image\\\/\",\"url\":\"https:\\\/\\\/kalendarze-z-zegarem.pl\\\/wp-content\\\/uploads\\\/2021\\\/04\\\/cropped-cropped-NotaPressKwadrat.png\",\"contentUrl\":\"https:\\\/\\\/kalendarze-z-zegarem.pl\\\/wp-content\\\/uploads\\\/2021\\\/04\\\/cropped-cropped-NotaPressKwadrat.png\",\"width\":250,\"height\":250,\"caption\":\"Kalendarze z zegarem\"},\"image\":{\"@id\":\"https:\\\/\\\/kalendarze-z-zegarem.pl\\\/#\\\/schema\\\/logo\\\/image\\\/\"}}]}<\/script>\n<!-- \/ Yoast SEO plugin. -->","yoast_head_json":{"title":"Kontakt - Kalendarze z zegarem","description":"Adres: NotaPress Jacek Zupok Drukarnia ul. \u017belazna 20, 41-506 Chorz\u00f3w","robots":{"index":"index","follow":"follow","max-snippet":"max-snippet:-1","max-image-preview":"max-image-preview:large","max-video-preview":"max-video-preview:-1"},"canonical":"https:\/\/kalendarze-z-zegarem.pl\/index.php\/kontakt\/","og_locale":"pl_PL","og_type":"article","og_title":"Kontakt - Kalendarze z zegarem","og_description":"Adres: NotaPress Jacek Zupok Drukarnia ul. \u017belazna 20, 41-506 Chorz\u00f3w","og_url":"https:\/\/kalendarze-z-zegarem.pl\/index.php\/kontakt\/","og_site_name":"Kalendarze z zegarem","article_modified_time":"2021-08-05T11:57:22+00:00","twitter_card":"summary_large_image","twitter_misc":{"Szacowany czas czytania":"1 minuta"},"schema":{"@context":"https:\/\/schema.org","@graph":[{"@type":"WebPage","@id":"https:\/\/kalendarze-z-zegarem.pl\/index.php\/kontakt\/","url":"https:\/\/kalendarze-z-zegarem.pl\/index.php\/kontakt\/","name":"Kontakt - Kalendarze z zegarem","isPartOf":{"@id":"https:\/\/kalendarze-z-zegarem.pl\/#website"},"datePublished":"2021-04-19T13:35:20+00:00","dateModified":"2021-08-05T11:57:22+00:00","description":"Adres: NotaPress Jacek Zupok Drukarnia ul. \u017belazna 20, 41-506 Chorz\u00f3w","breadcrumb":{"@id":"https:\/\/kalendarze-z-zegarem.pl\/index.php\/kontakt\/#breadcrumb"},"inLanguage":"pl-PL","potentialAction":[{"@type":"ReadAction","target":["https:\/\/kalendarze-z-zegarem.pl\/index.php\/kontakt\/"]}]},{"@type":"BreadcrumbList","@id":"https:\/\/kalendarze-z-zegarem.pl\/index.php\/kontakt\/#breadcrumb","itemListElement":[{"@type":"ListItem","position":1,"name":"Strona g\u0142\u00f3wna","item":"https:\/\/kalendarze-z-zegarem.pl\/"},{"@type":"ListItem","position":2,"name":"Kontakt"}]},{"@type":"WebSite","@id":"https:\/\/kalendarze-z-zegarem.pl\/#website","url":"https:\/\/kalendarze-z-zegarem.pl\/","name":"Kalendarze z zegarem","description":"To jedna z najlepszych form reklamy Twojego biznesu - zobacz dlaczego","publisher":{"@id":"https:\/\/kalendarze-z-zegarem.pl\/#organization"},"potentialAction":[{"@type":"SearchAction","target":{"@type":"EntryPoint","urlTemplate":"https:\/\/kalendarze-z-zegarem.pl\/?s={search_term_string}"},"query-input":{"@type":"PropertyValueSpecification","valueRequired":true,"valueName":"search_term_string"}}],"inLanguage":"pl-PL"},{"@type":"Organization","@id":"https:\/\/kalendarze-z-zegarem.pl\/#organization","name":"Kalendarze z zegarem","url":"https:\/\/kalendarze-z-zegarem.pl\/","logo":{"@type":"ImageObject","inLanguage":"pl-PL","@id":"https:\/\/kalendarze-z-zegarem.pl\/#\/schema\/logo\/image\/","url":"https:\/\/kalendarze-z-zegarem.pl\/wp-content\/uploads\/2021\/04\/cropped-cropped-NotaPressKwadrat.png","contentUrl":"https:\/\/kalendarze-z-zegarem.pl\/wp-content\/uploads\/2021\/04\/cropped-cropped-NotaPressKwadrat.png","width":250,"height":250,"caption":"Kalendarze z zegarem"},"image":{"@id":"https:\/\/kalendarze-z-zegarem.pl\/#\/schema\/logo\/image\/"}}]}},"jetpack_sharing_enabled":true,"_links":{"self":[{"href":"https:\/\/kalendarze-z-zegarem.pl\/index.php\/wp-json\/wp\/v2\/pages\/10","targetHints":{"allow":["GET"]}}],"collection":[{"href":"https:\/\/kalendarze-z-zegarem.pl\/index.php\/wp-json\/wp\/v2\/pages"}],"about":[{"href":"https:\/\/kalendarze-z-zegarem.pl\/index.php\/wp-json\/wp\/v2\/types\/page"}],"author":[{"embeddable":true,"href":"https:\/\/kalendarze-z-zegarem.pl\/index.php\/wp-json\/wp\/v2\/users\/1"}],"replies":[{"embeddable":true,"href":"https:\/\/kalendarze-z-zegarem.pl\/index.php\/wp-json\/wp\/v2\/comments?post=10"}],"version-history":[{"count":14,"href":"https:\/\/kalendarze-z-zegarem.pl\/index.php\/wp-json\/wp\/v2\/pages\/10\/revisions"}],"predecessor-version":[{"id":214,"href":"https:\/\/kalendarze-z-zegarem.pl\/index.php\/wp-json\/wp\/v2\/pages\/10\/revisions\/214"}],"wp:attachment":[{"href":"https:\/\/kalendarze-z-zegarem.pl\/index.php\/wp-json\/wp\/v2\/media?parent=10"}],"curies":[{"name":"wp","href":"https:\/\/api.w.org\/{rel}","templated":true}]}}